.
20
Suppose -225 = -9*f + 4*f. Let t be (-1)/(-6) + (-132704)/(-2112). Calculate the greatest common divisor of f and t.
9
Let s = -680 + 1085. Calculate the highest common factor of s and 5760.
45
Let m(y) = -y**2 + 21*y + 27. Let l be m(23). Let h = 43 + l. What is the greatest common divisor of h and 42?
6
Let q(l) = 30*l - 958. Let w be q(38). Calculate the highest common factor of 28 and w.
14
Suppose -3040 = -134*i - 1030. Calculate the greatest common divisor of i and 813.
3
Let g = -236 + 247. Suppose -g*y = 4*y - 930. What is the highest common divisor of y and 434?
62
Let j = 4975 + -2743. Calculate the greatest common divisor of 72 and j.
72
Let p be 6/(-36) + 22310/12 + (-12)/(-12). What is the highest common divisor of p and 20?
20
Let b = -210 + 490. Calculate the highest common factor of 180 and b.
20
Suppose -4*i + 6 = 5*d, -5*i + 10 = -0*i + 5*d. Suppose -i*v + 10 = 4*h - 6*v, -3*h = -3*v - 9. What is the greatest common divisor of 146 and h?
2
Suppose 89*x - 88*x + 7*a = 19, 3*x + 4*a = 108. What is the greatest common divisor of x and 11260?
20
Suppose 949*s = 1100*s - 19026. What is the greatest common factor of s and 1314?
18
Suppose -2*y + 22620 = 2*r, -4*y + 7232 = 5*r - 38002. Calculate the greatest common divisor of 164 and y.
164
Let f(s) be the second derivative of -1/6*s**4 - 10*s**2 + 5*s**3 + 0 - 35*s. Let q be f(14). Calculate the highest common divisor of 4 and q.
4
Let m = -42 - -32. Let q = m - 14. Let k be 8/2*(-60)/q. What is the greatest common divisor of 10 and k?
10
Let t be -1 - (-7 + -45 + (-5 - 0)). Suppose -t = -4*l - 8. Calculate the highest common factor of 15 and l.
3
Let l be 1890/(-216)*(-4 + -5 + -43). What is the highest common divisor of l and 728?
91
Let z(b) = 61*b + 32. Let p be z(2). Suppose 4*w - 4*t - 56 = 0, 5*t + 14 = w + 3*t. Calculate the greatest common divisor of w and p.
14
Let x(a) = -22*a**3 - 8*a**2 - 9*a - 1. Let f be x(-1). Calculate the highest common divisor of f and 6.
2
Suppose -1 - 9 = -2*v. Let p(a) = -7*a**2 + 71*a - 149. Let k be p(3). Calculate the highest common divisor of k and v.
1
Let w = 299 + -278. Let v be (-851)/(-69)*(0 + w). What is the greatest common divisor of 74 and v?
37
Let i(n) be the third derivative of n**6/120 - 19*n**5/60 + n**4/24 - 3*n**3/2 - 31*n**2. Let g be i(19). What is the greatest common divisor of 35 and g?
5
Suppose 4*y - 3 = -5*p, 2*y = 4*y + p + 3. Let n(a) = -a**3 - a**2 + 4*a. Let d be n(y). What is the greatest common factor of 18 and d?
6
Let g(b) = -1162*b + 4942. Let f be g(4). What is the greatest common factor of f and 2436?
42
Let v = 169 - -282. Suppose 0 = -4*h - 20, -3*h + 27 - 86 = -4*t. What is the highest common divisor of v and t?
11
Suppose -r = -3*p - 1931 - 121, r = 4*p + 2054. Calculate the highest common factor of r and 310.
62
Suppose 8892 = 34*a + 83*a. Calculate the greatest common factor of 8 and a.
4
Suppose -5*x = p - 21, -2*p = -119 + 127. Let s = -152 + 297. What is the greatest common factor of s and x?
5
Suppose 0 = -4*y - 5*j + 14, 10*j - 7*j + 6 = 0. Suppose 29*h - 28*h - y = 0. What is the greatest common factor of 96 and h?
6
Let y(x) = x**3 + 10*x**2 - 5*x + 9. Let a be y(-5). Let w = 379 - a. Calculate the greatest common divisor of w and 22.
22
Let p = 480 - 453. Let o be (8/5)/((-13)/65). Let f = o + 26. Calculate the greatest common factor of f and p.
9
Let u = 3213 - 3208. Let s be (5/4)/((-2)/(-72)). Calculate the highest common divisor of u and s.
5
Let h(y) = 7*y**2 + y - 2. Let t be h(1). Let w = 75 + -60. Suppose 107*a = 112*a - w. What is the greatest common factor of a and t?
3
Suppose -3*q + 1272 = 3*j, -2*q + 1694 = 2*q + 5*j. Let z be (-12)/(-30) + q/10. Calculate the greatest common factor of 344 and z.
43
Let s be (10476/(-10))/((-18)/90). Calculate the greatest common divisor of 216 and s.
54
Let s(q) = q**3 + 15*q**2 - 38*q - 192. Let t be s(-16). What is the greatest common factor of 5920 and t?
160
Suppose c = -5*z - 324, -301 = 4*z + c - 42. Let t = z + 95. Suppose -20 = -4*f, -3*d - 5*f + 648 = 173. Calculate the greatest common divisor of d and t.
30
Let n(c) = -c**2 + 4*c - 136. Let r be n(11). Let v = -18 - 75. Let a = v - r. Calculate the highest common factor of 24 and a.
24
Let j(w) = -179*w - 11168. Let k be j(-64). Suppose 0 = 5*p - 0*p + 3*t - 81, 4*t = 3*p - 66. Calculate the greatest common factor of p and k.
18
Suppose 0 = -z - 90 + 234. Suppose -146*c + 18 = -z*c. Calculate the greatest common divisor of c and 9.
9
Suppose -32*k + 30*k = 10, 3*q = 4*k + 1970. What is the greatest common factor of 225 and q?
25
Suppose -h + 4*v - 86 = -6*h, 5*v = 5*h - 50. Suppose 4*r = 17*a - h*a - 397, -a - r + 137 = 0. What is the greatest common divisor of 27 and a?
27
Suppose -5*y - 109 = -314. Suppose 2*i = y - 15. Suppose -i*k + 9*k = -140. Calculate the greatest common factor of 35 and k.
35
Suppose -4*j = -31675 + 25627. What is the highest common divisor of 532 and j?
28
Let n = -536 + 552. Suppose -4*c = -n, o - 7*c + 2*c = 9. What is the highest common divisor of 377 and o?
29
Let l be (6 + (-1044)/(-27))*(21/2 - 9). Let x(p) = -45*p - 2. Let b be x(-6). What is the highest common factor of b and l?
67
Let h = 80 - 21. Let s = 592 - 120. What is the greatest common factor of s and h?
59
Let t(y) = -y**3 - 3*y**2 + 8*y + 4. Let a be t(0). Calculate the highest common factor of a and 578.
2
Let b = 191 + -185. Suppose -23737 - 755 = -26*f. Calculate the greatest common factor of f and b.
6
Let o = -836 - -650. Let a = o + 442. What is the greatest common divisor of 8 and a?
8
Let a = 9028 - 3979. Calculate the greatest common divisor of a and 11.
11
Let a be (-10)/14 - (-6)/(-21). Let g be (-66)/a - 4 - 6. Let f(y) = -112*y. Let o be f(-5). What is the highest common divisor of g and o?
56
Suppose 7*t - 97 = 281. Let a = t - -4. Calculate the highest common divisor of a and 290.
58
Suppose 2*x = -157*j + 158*j + 42005, 5*x - 105080 = 16*j. Calculate the greatest common divisor of x and 42.
42
Let b = 7 + -4. Let s = -65 + 68. Suppose -5*k + 91 = b*q, 4*q - 112 = -s*k + k. Calculate the highest common divisor of q and 243.
27
Let s = -142 + 202. Let x(h) = 2*h**3 + 606*h**2 + 1207*h + 951. Let i be x(-301). What is the highest common divisor of s and i?
12
Let g(i) = 37*i - 8. Let r be g(2). Suppose 0 = -7*f + r + 60. Calculate the greatest common factor of 9 and f.
9
Let w be (2 - -12)*(2 - -4). Calculate the highest common divisor of w and 300.
12
Suppose -36 = -u - 4*l, -23*l + 18*l = 2*u - 66. Calculate the highest common factor of u and 5516.
28
Let c(q) = -387*q - 2793. Let g be c(-11). Calculate the greatest common divisor of 305 and g.
61
Let s(k) = 44*k + 29*k - 129*k + 15*k**2 + 37*k + k**3 - 41. Let m be s(-16). Calculate the greatest common factor of 63 and m.
7
Let h be 1*(-5 + (-36)/(-8))*80. Let c be 9/30 + (-10108)/h. What is the highest common divisor of 23 and c?
23
Let u(g) = -g**2 - 15*g - 47. Let f be u(-3). Let w(p) = -p**3 - 13*p**2 - 24*p + 5. Let m be w(f). What is the highest common divisor of m and 6?
3
Suppose 4*h - 5*w = 1864, 8*w = 4*w + 16. Let d = -453 + h. What is the greatest common factor of 186 and d?
6
Let u(i) = -2*i**3 - 10*i**2 + 8*i - 22. Let l be u(-6). Suppose 6*r - l*r - 5*b - 92 = 0, -4*b + 72 = 2*r. What is the highest common factor of 49 and r?
7
Suppose -2*r + 7 = -11. Suppose x = -4*c - 8 + 160, 2*c = -2*x + 82. Suppose -c*d = -2727 - 936. What is the highest common factor of r and d?
9
Let h(g) = -26*g**3 - g**2 - g. Let m be h(-1). Let j = 55 - 54. Let w be (3*-39*(-8)/24)/j. Calculate the highest common factor of m and w.
13
Let j(p) = p. Let l(x) = 2*x + 7. Let a(o) = -3*j(o) + l(o). Let m be (0 - -1)*21/21. Let r be a(m). What is the highest common divisor of 42 and r?
6
Suppose -37*q = 18*q - 6*q - 586040. Calculate the greatest common divisor of q and 156.
52
Suppose 0 = -35*v + 24*v + 44. What is the highest common divisor of v and 356?
4
Suppose -16*z + 12*z + 3348 = 0. Suppose 18*y = 15*y + z. Suppose 9*w = 6*w + y. What is the highest common factor of 62 and w?
31
Suppose 0 = 3*m - 34*m + 3937 + 8556. What is the highest common divisor of m and 91?
13
Let c be (58/19)/((-133)/(-2527)). What is the greatest 